{"id":1214,"date":"2023-12-05T12:20:53","date_gmt":"2023-12-05T12:20:53","guid":{"rendered":"https:\/\/www.bnpro.ba\/?page_id=1214"},"modified":"2023-12-05T12:22:08","modified_gmt":"2023-12-05T12:22:08","slug":"nadzor","status":"publish","type":"page","link":"https:\/\/www.bnpro.ba\/?page_id=1214","title":{"rendered":"Nadzor"},"content":{"rendered":"\t\t<div data-elementor-type=\"wp-page\" data-elementor-id=\"1214\" class=\"elementor elementor-1214\">\n\t\t\t\t<div class=\"elementor-element elementor-element-ae76f31 e-flex e-con-boxed e-con e-parent\" data-id=\"ae76f31\" data-element_type=\"container\" data-e-type=\"container\">\n\t\t\t\t\t<div class=\"e-con-inner\">\n\t\t\t\t<div class=\"elementor-element elementor-element-1ccb5aa elementor-widget elementor-widget-heading\" data-id=\"1ccb5aa\" data-element_type=\"widget\" data-e-type=\"widget\" data-widget_type=\"heading.default\">\n\t\t\t\t<div class=\"elementor-widget-container\">\n\t\t\t\t\t<h2 class=\"elementor-heading-title elementor-size-default\">Stru\u010dni geodetski nadzor<\/h2>\t\t\t\t<\/div>\n\t\t\t\t<\/div>\n\t\t\t\t\t<\/div>\n\t\t\t\t<\/div>\n\t\t<div class=\"elementor-element elementor-element-164fef0 e-flex e-con-boxed e-con e-parent\" data-id=\"164fef0\" data-element_type=\"container\" data-e-type=\"container\">\n\t\t\t\t\t<div class=\"e-con-inner\">\n\t\t\t\t<div class=\"elementor-element elementor-element-f779b2d elementor-widget elementor-widget-text-editor\" data-id=\"f779b2d\" data-element_type=\"widget\" data-e-type=\"widget\" data-widget_type=\"text-editor.default\">\n\t\t\t\t<div class=\"elementor-widget-container\">\n\t\t\t\t\t\t\t\t\t<p>Stru\u010dni geodetski nadzor obuhvata skup poslova kojima je svrha kontrola izvo\u0111enja radova izvo\u0111a\u010da gra\u0111evinskih radova, odnosno kontrola uskla\u0111enosti izvo\u0111enja radova sa projektnim zadatkom od strane investitora. Zakonski je geodetski nadzor propisan kroz Zakon o prostornom ure\u0111enju i Uredbi o ure\u0111enju gradili\u0161ta, obaveznoj dokumentaciji na gradili\u0161tu i sudionicima u gra\u0111enju. Zbog kompleksnosti projekta i prostorne rasprostranjenosti izvo\u0111enja objekta, geodetski nadzor se naj\u010de\u0161\u0107e obavlja prilikom izgradnje saobra\u0107ajnica, ali i prilikom izgradnje drugih gra\u0111evinskih objekata.<\/p><p>BNpro je vr\u0161io usluge stru\u010dnog geodetskog nadzora na sljede\u0107im projektima:<\/p><ul><li>Rekonstrukcija tramvajske pruge izme\u0111u stanica Ilid\u017ea i Muzej<\/li><li>Rekonstrukcija vodovodnih mre\u017ea i modernizacija pumpnih jedinica i bunara KS na projektu GrCF Sarajevo Water Supply Project \u2013 Tranche II<\/li><li>Poslovi geodetskog nadzora i revizije projektne dokumentacije na izgradnji Tunela Kobilja glava<\/li><li>Ekspertna podr\u0161ka gra\u0111evinskog nadzora na projektu izgradnje auto ceste na koridoru Vc na dionici Tar\u010din-Konjic, poddionica Tar\u010din-Ivan (Lot 2 \u2013 tunel Ivan)<\/li><li>Usluge geodetskog nadzora na izvo\u0111enju pripremnih radova za izgradnju Bloka 7<\/li><li>Usluge stru\u010dnog nadzornog geodete na projektu izgradnje autoceste na koridoru Vc dionica Tar\u010din-Vlakovo, Poddionica Butila-Vlakovo-Lepenica<\/li><\/ul>\t\t\t\t\t\t\t\t<\/div>\n\t\t\t\t<\/div>\n\t\t\t\t\t<\/div>\n\t\t\t\t<\/div>\n\t\t\t\t<\/div>\n\t\t","protected":false},"excerpt":{"rendered":"<p>Stru\u010dni geodetski nadzor Stru\u010dni geodetski nadzor obuhvata skup poslova kojima je svrha kontrola izvo\u0111enja radova izvo\u0111a\u010da gra\u0111evinskih radova, odnosno kontrola uskla\u0111enosti izvo\u0111enja radova sa projektnim zadatkom od strane investitora. Zakonski je geodetski nadzor propisan kroz Zakon o prostornom ure\u0111enju i Uredbi o ure\u0111enju gradili\u0161ta, obaveznoj dokumentaciji na gradili\u0161tu i sudionicima u gra\u0111enju. Zbog kompleksnosti projekta [&hellip;]<\/p>\n","protected":false},"author":1,"featured_media":0,"parent":0,"menu_order":0,"comment_status":"closed","ping_status":"closed","template":"","meta":{"footnotes":""},"class_list":["post-1214","page","type-page","status-publish","hentry"],"_links":{"self":[{"href":"https:\/\/www.bnpro.ba\/index.php?rest_route=\/wp\/v2\/pages\/1214","targetHints":{"allow":["GET"]}}],"collection":[{"href":"https:\/\/www.bnpro.ba\/index.php?rest_route=\/wp\/v2\/pages"}],"about":[{"href":"https:\/\/www.bnpro.ba\/index.php?rest_route=\/wp\/v2\/types\/page"}],"author":[{"embeddable":true,"href":"https:\/\/www.bnpro.ba\/index.php?rest_route=\/wp\/v2\/users\/1"}],"replies":[{"embeddable":true,"href":"https:\/\/www.bnpro.ba\/index.php?rest_route=%2Fwp%2Fv2%2Fcomments&post=1214"}],"version-history":[{"count":4,"href":"https:\/\/www.bnpro.ba\/index.php?rest_route=\/wp\/v2\/pages\/1214\/revisions"}],"predecessor-version":[{"id":1218,"href":"https:\/\/www.bnpro.ba\/index.php?rest_route=\/wp\/v2\/pages\/1214\/revisions\/1218"}],"wp:attachment":[{"href":"https:\/\/www.bnpro.ba\/index.php?rest_route=%2Fwp%2Fv2%2Fmedia&parent=1214"}],"curies":[{"name":"wp","href":"https:\/\/api.w.org\/{rel}","templated":true}]}}